der when 214001 is divided by 2?
1
Calculate the remainder when 171902 is divided by 79.
77
Calculate the remainder when 201880 is divided by 201868.
12
What is the remainder when 6894 is divided by 75?
69
What is the remainder when 250003 is divided by 25?
3
What is the remainder when 6953 is divided by 1158?
5
Calculate the remainder when 235 is divided by 209.
26
What is the remainder when 69379 is divided by 29?
11
Calculate the remainder when 140796 is divided by 360.
36
Calculate the remainder when 10474 is divided by 48.
10
What is the remainder when 6661 is divided by 642?
241
Calculate the remainder when 3065954 is divided by 126.
122
Calculate the remainder when 74632 is divided by 574.
12
What is the remainder when 20215 is divided by 116?
31
What is the remainder when 14859 is divided by 700?
159
What is the remainder when 73587 is divided by 22?
19
Calculate the remainder when 14596 is divided by 186.
88
Calculate the remainder when 14368 is divided by 2051.
11
Calculate the remainder when 149023 is divided by 149010.
13
Calculate the remainder when 7239 is divided by 2405.
24
Calculate the remainder when 1925279 is divided by 63.
62
Calculate the remainder when 698 is divided by 516.
182
Calculate the remainder when 155264 is divided by 76.
72
What is the remainder when 114164 is divided by 8780?
24
What is the remainder when 51675 is divided by 17216?
27
What is the remainder when 119756 is divided by 60?
56
What is the remainder when 1807 is divided by 101?
90
What is the remainder when 5050 is divided by 217?
59
What is the remainder when 21385 is divided by 7113?
46
What is the remainder when 129527 is divided by 79?
46
Calculate the remainder when 43527 is divided by 292.
19
Calculate the remainder when 6126 is divided by 55.
21
Calculate the remainder when 5930 is divided by 987.
8
What is the remainder when 14555 is divided by 582?
5
What is the remainder when 38951 is divided by 140?
31
Calculate the remainder when 948 is divided by 18.
12
What is the remainder when 2207 is divided by 1356?
851
Calculate the remainder when 5039 is divided by 134.
81
Calculate the remainder when 9920 is divided by 1097.
47
Calculate the remainder when 19317 is divided by 128.
117
Calculate the remainder when 999 is divided by 539.
460
What is the remainder when 3855 is divided by 1082?
609
Calculate the remainder when 42891 is divided by 1226.
1207
Calculate the remainder when 3189773 is divided by 118.
115
Calculate the remainder when 340389 is divided by 340363.
26
Calculate the remainder when 14779 is divided by 135.
64
Calculate the remainder when 255412 is divided by 115.
112
What is the remainder when 33815724 is divided by 23?
20
Calculate the remainder when 15290 is divided by 4.
2
Calculate the remainder when 3683 is divided by 2367.
1316
Calculate the remainder when 57277 is divided by 567.
10
Calculate the remainder when 235416 is divided by 239.
1
What is the remainder when 243431 is divided by 184?
183
Calculate the remainder when 34815 is divided by 2165.
175
What is the remainder when 5845 is divided by 571?
135
Calculate the remainder when 4651 is divided by 21.
10
What is the remainder when 35429 is divided by 279?
275
Calculate the remainder when 21107 is divided by 19.
17
What is the remainder when 2942 is divided by 146?
22
What is the remainder when 14187 is divided by 106?
89
Calculate the remainder when 336297 is divided by 300.
297
Calculate the remainder when 39685 is divided by 126.
121
What is the remainder when 1232 is divided by 206?
202
Calculate the remainder when 12144 is divided by 3036.
0
What is the remainder when 32584 is divided by 466?
430
Calculate the remainder when 358343 is divided by 4.
3
What is the remainder when 7508 is divided by 23?
10
Calculate the remainder when 95630 is divided by 155.
150
Calculate the remainder when 8747 is divided by 2164.
91
Calculate the remainder when 83702 is divided by 17.
11
What is the remainder when 3035 is divided by 203?
193
What is the remainder when 20393 is divided by 66?
65
What is the remainder when 990 is divided by 220?
110
Calculate the remainder when 978946 is divided by 112.
66
What is the remainder when 62300 is divided by 274?
102
Calculate the remainder when 136502 is divided by 27.
17
What is the remainder when 664 is divided by 341?
323
Calculate the remainder when 5355774 is divided by 1785254.
12
Calculate the remainder when 8802 is divided by 3841.
1120
What is the remainder when 34077 is divided by 48?
45
Calculate the remainder when 45028 is divided by 2648.
12
Calculate the remainder when 21577 is divided by 7048.
433
What is the remainder when 22166 is divided by 92?
86
Calculate the remainder when 6821 is divided by 168.
101
What is the remainder when 3526 is divided by 516?
430
What is the remainder when 133089 is divided by 564?
549
Calculate the remainder when 25437 is divided by 772.
733
Calculate the remainder when 160264 is divided by 160264.
0
What is the remainder when 2710 is divided by 899?
13
Calculate the remainder when 58188 is divided by 207.
21
Calculate the remainder when 26243 is divided by 210.
203
What is the remainder when 8995 is divided by 2961?
112
Calculate the remainder when 28673 is divided by 60.
53
What is the remainder when 583 is divided by 288?
7
Calculate the remainder when 159365 is divided by 17705.
20
Calculate the remainder when 14809 is divided by 46.
43
What is the remainder when 386447 is divided by 199?
188
What is the remainder when 1088403 is divided by 39?
30
Calculate the remainder when 673 is divided by 411.
262
What is the remainder when 45921 is divided by 22931?
59
What is the remainder when 17548 is divided by 679?
573
Calculate the remainder when 4050 is divided by 290.
280
Calculate the remainder when 13521 is divided by 276.
273
Calculate the remainder when 3783 is divided by 1234.
81
Calculate the remainder when 3846 is divided by 964.
954
What is the remainder when 120440 is divided by 43?
40
Calculate the remainder when 1350 is divided by 452.
446
What is the remainder when 11686859 is divided by 36?
35
Calculate the remainder when 858477 is divided by 876.
873
What is the remainder when 2380 is divided by 1040?
300
What is the remainder when 180637 is divided by 181?
180
Calculate the remainder when 37583 is divided by 58.
57
What is the remainder when 5143 is divided by 1282?
15
Calculate the remainder when 142462 is divided by 64.
62
Calculate the remainder when 1936 is divided by 76.
36
Calculate the remainder when 291693 is divided by 103.
100
Calculate the remainder when 642247 is divided by 881.
879
Calculate the remainder when 1209448 is divided by 66.
64
Calculate the remainder when 553 is divided by 98.
63
What is the remainder when 3983 is divided by 1973?
37
Calculate the remainder when 126522 is divided by 673.
671
What is the remainder when 67494 is divided by 978?
12
What is the remainder when 45806 is divided by 43?
11
Calculate the remainder when 47237 is divided by 31.
24
Calculate the remainder when 3701 is divided by 36.
29
What is the remainder when 1114640 is divided by 51?
35
Calculate the remainder when 8405 is divided by 47.
39
Calculate the remainder when 49830 is divided by 26.
14
Calculate the remainder when 29778 is divided by 541.
23
Calculate the remainder when 1039 is divided by 208.
207
What is the remainder when 9374 is divided by 72?
14
Calculate the remainder when 22558 is divided by 2050.
8
Calculate the remainder when 5674 is divided by 1208.
842
What is the remainder when 9463 is divided by 386?
199
What is the remainder when 7121 is divided by 86?
69
What is the remainder when 63528 is divided by 304?
296
What is the remainder when 824044 is divided by 54936?
4
What is the remainder when 337255 is divided by 109?
9
What is the remainder when 111496 is divided by 27872?
8
Calculate the remainder when 4696 is divided by 4623.
73
Calculate the remainder when 4602 is divided by 381.
30
Calculate the remainder when 4958238 is divided by 1120.
1118
Calculate the remainder when 3119 is divided by 440.
39
What is the remainder when 113900 is divided by 3793?
110
What is the remainder when 81889 is divided by 490?
59
What is the remainder when 2510